Does 6 divide 282?
True
Is 1266 a multiple of 4?
False
Does 4 divide 7597?
False
Does 15 divide 150?
True
Is 23 a factor of 616?
False
Is 6100 a multiple of 176?
False
Is 23 a factor of 9614?
True
Does 18 divide 990?
True
Does 11 divide 461?
False
Does 4 divide 3592?
True
Is 237 a factor of 131644?
False
Is 38 a factor of 722?
True
Is 1300 a multiple of 18?
False
Is 55734 a multiple of 6?
True
Does 43 divide 2924?
True
Does 43 divide 6587?
False
Does 25 divide 5530?
False
Is 721 a multiple of 7?
True
Is 203 a factor of 8840?
False
Is 384 a multiple of 32?
True
Is 2047 a multiple of 7?
False
Is 9517 a multiple of 117?
False
Does 37 divide 3478?
True
Is 250 a multiple of 59?
False
Is 3360 a multiple of 12?
True
Is 236 a multiple of 6?
False
Is 23 a factor of 19872?
True
Is 2964 a multiple of 57?
True
Is 58 a factor of 977?
False
Is 1253 even?
False
Does 104 divide 2355?
False
Does 2 divide 54?
True
Is 473 a multiple of 18?
False
Is 9 a factor of 432?
True
Is 24 a factor of 552?
True
Is 64 a multiple of 2?
True
Is 4 a factor of 92?
True
Is 42 a factor of 2333?
False
Is 10 a factor of 519?
False
Is 112 a factor of 17696?
True
Is 32 a multiple of 8?
True
Does 94 divide 1730?
False
Is 308 a multiple of 17?
False
Does 13 divide 4290?
True
Is 5 a factor of 10?
True
Is 7 a factor of 5943?
True
Does 9 divide 2970?
True
Is 6970 a multiple of 41?
True
Is 38 a factor of 3002?
True
Does 7 divide 214?
False
Is 30 a factor of 92?
False
Does 24 divide 744?
True
Does 137 divide 4658?
True
Does 13 divide 13?
True
Is 101904 a multiple of 386?
True
Does 25 divide 55?
False
Is 9 a factor of 2484?
True
Is 740 a multiple of 20?
True
Is 4 a factor of 1160?
True
Is 75 a multiple of 25?
True
Does 18 divide 17244?
True
Is 9 a factor of 2241?
True
Is 8648 a multiple of 27?
False
Does 5 divide 26985?
True
Does 4 divide 148?
True
Is 123 a factor of 5904?
True
Is 582 a multiple of 6?
True
Is 9 a factor of 1955?
False
Does 415 divide 67600?
False
Does 9 divide 17402?
False
Is 3449 a multiple of 11?
False
Does 82 divide 2413?
False
Is 48 a factor of 4252?
False
Does 18 divide 32384?
False
Is 3159 a multiple of 39?
True
Does 2 divide 209?
False
Does 12 divide 71124?
True
Is 80 a factor of 1360?
True
Does 11 divide 45638?
False
Does 16 divide 2236?
False
Does 4 divide 1124?
True
Does 93 divide 21259?
False
Is 13503 a multiple of 5?
False
Is 214 a multiple of 2?
True
Is 3453 a multiple of 45?
False
Does 17 divide 305?
False
Is 1844 a multiple of 14?
False
Does 26 divide 724?
False
Is 4060 a multiple of 70?
True
Does 94 divide 25568?
True
Does 23 divide 2996?
False
Is 1076 a multiple of 2?
True
Is 13 a factor of 705?
False
Is 35 a factor of 2238?
False
Is 13 a factor of 53742?
True
Is 5350 a multiple of 4?
False
Does 62 divide 1364?
True
Is 19 a factor of 874?
True
Does 26 divide 1066?
True
Is 12 a factor of 8508?
True
Does 4 divide 2979?
False
Does 4 divide 592?
True
Is 3221 a multiple of 40?
False
Does 77 divide 4466?
True
Is 52 a factor of 17212?
True
Does 61 divide 732?
True
Does 16 divide 7360?
True
Is 5430 a multiple of 38?
False
Does 39 divide 5109?
True
Is 71176 a multiple of 31?
True
Is 118 a factor of 21263?
False
Is 36 a factor of 1859?
False
Is 8 a factor of 200?
True
Does 31 divide 651?
True
Is 120 a factor of 720?
True
Is 12 a factor of 91?
False
Does 32 divide 448?
True
Is 2625 a multiple of 7?
True
Does 4 divide 1564?
True
Is 115 a factor of 5865?
True
Is 18792 a multiple of 12?
True
Does 91 divide 145?
False
Is 1154 a multiple of 97?
False
Does 31 divide 341?
True
Does 57 divide 13007?
False
Does 4 divide 1289?
False
Is 32 a factor of 74589?
False
Is 93 a factor of 29016?
True
Is 41 a factor of 82?
True
Does 13 divide 1145?
False
Does 21 divide 21721?
False
Is 36 a factor of 4032?
True
Is 18 a factor of 16562?
False
Is 444 even?
True
Does 61 divide 1170?
False
Is 61 a factor of 55998?
True
Is 385 a multiple of 2?
False
Is 8 a factor of 1720?
True
Is 10 a factor of 7820?
True
Does 42 divide 13183?
False
Is 57 a factor of 23682?
False
Is 11763 a multiple of 5?
False
Is 17225 a multiple of 99?
False
Does 16 divide 9366?
False
Does 14 divide 224?
True
Is 42 a factor of 3528?
True
Is 21053 a multiple of 37?
True
Is 12 a factor of 948?
True
Is 90 a multiple of 45?
True
Is 333 a multiple of 20?
False
Is 130 a factor of 11050?
True
Is 237 a multiple of 2?
False
Is 702 a multiple of 13?
True
Is 764 a multiple of 11?
False
Does 3 divide 603?
True
Is 10 a factor of 49?
False
Is 19065 a multiple of 274?
False
Does 28 divide 2380?
True
Is 2160 a multiple of 80?
True
Is 36 a factor of 416?
False
Does 94 divide 13285?
False
Is 901 a multiple of 38?
False
Is 4790 a multiple of 19?
False
Is 608 a multiple of 76?
True
Does 39 divide 8379?
False
Is 12422 a multiple of 9?
False
Is 32 a factor of 9600?
True
Is 17857 a multiple of 15?
False
Is 18980 a multiple of 13?
True
Is 1464 a multiple of 24?
True
Does 21 divide 315?
True
Is 8362 a multiple of 37?
True
Does 41 divide 943?
True
Does 27 divide 321?
False
Is 3264 a multiple of 12?
True
Does 29 divide 4879?
False
Does 60 divide 8280?
True
Is 22 a factor of 7590?
True
Is 39 a factor of 93356?
False
Is 8136 a multiple of 72?
True
Is 11 a factor of 33?
True
Does 10 divide 30587?
False
Is 4498 a multiple of 13?
True
Is 85 a factor of 7234?
False
Is 203 a multiple of 54?
False
Does 4 divide 455?
False
Is 25 a factor of 14775?
True
Does 21 divide 1113?
True
Does 9 divide 14992?
False
Is 195 a multiple of 23?
False
Does 13 divide 5786?
False
Is 4 a factor of 917?
False
Is 90 a factor of 1073?
False
Is 720 a multiple of 90?
True
Does 19 divide 1520?
True
Is 30 a factor of 8487?
False
Is 957 a multiple of 33?
True
Does 4 divide 2231?
False
Is 216 a multiple of 12?
True
Does 90 divide 35412?
False
Does 28 divide 356?
False
Is 25 a factor of 2975?
True
Is 11 a factor of 605?
True
Does 25 divide 1750?
True
Does 30 divide 4470?
True
Does 74 divide 666?
True
Is 7600 a multiple of 19?
True
Is 22 a factor of 11066?
True
Is 2408 a multiple of 125?
False
Is 5085 a multiple of 113?
True
Does 19 divide 33283?
False
Is 570 a multiple of 6?
True
Is 9207 a multiple of 93?
True
Is 40 a factor of 4811?
False
Is 13 a factor of 1746?
False
Is 20 a factor of 230?
False
Is 901 a multiple of 24?
False
Is 13 a factor of 14586?
True
Is 16873 a multiple of 139?
False
Is 2325 a multiple of 93?
True
Does 41 divide 4737?
False
Is 330 a multiple of 22?
True
Is 10 a factor of 210?
True
Does 79 divide 734?
False
Is 168 a multiple of 168?
True
Is 289 a factor of 96463?
False
Does 32 divide 288?
True
Is 1824 a multiple of 9?
False
Does 8 divide 360?
True
Does 17 divide 2628?
False
Does 35 divide 1120?
True
Does 24 divide 1728?
True
Is 36 a factor of 5832?
True
Is 2 a factor of 1943?
False
Is 20 a factor of 6179?
False
Does 4 divide 30299?
False
Does 246 divide 67158?
True
Is 261 a multiple of 9?
True
Does 16 divide 2256?
True
Is 4788 a multiple of 63?
True
Is 280 a multiple of 7?
True
Does 7 divide 1288?
True
Is 3450 a multiple of 46?
True
Is 10 a factor of 2310?
True
Does 6 divide 76872?
True
Does 42 divide 4933?
False
Does 34 divide 5066?
True
Does 20 divide 4588?
False
Does 70 divide 879?
False
Is 100 a multiple of 22?
False
Is 2854 a multiple of 10?
False
Does 96 divide 15778?
False
Is 48986 a multiple of 14?
True
Is 95 a factor of 19702?
False
Is 2123 a multiple of 12?
False
Does 6 divide 50?
False
Does 8 divide 320?
True
Is 13920 a multiple of 96?
True
Does 6 divide 7219?
False
Is 17 a factor of 34644?
False
Is 933 a multiple of 17?
False
Is 12 a factor of 9384?
True
Is 43 a factor of 91?
False
Does 11 divide 804?
False
Is 6 a factor of 138?
True
Is 288 a multiple of 39?
False
Is 3090 a multiple of 10?
True
Does 10 divide 10?
True
Does 24 divide 504?
True
Is 516 a multiple of 14?
False
Is 84 a factor of 5040?
True
Is 900 even?
True
Is 35 a factor of 1960?
True
Is 5 a factor of 92?
False
Is 950 a multiple of 53?
False
Does 17 divide 507?
False
Is 1913 a multiple of 20?
False
Is 707 a multiple of 101?
True
Does 9 divide 18131?
False
Is 325 a multiple of 20?
False
Is 97 a factor of 32179?
False
Is 264 a multiple of 12?
True
Is 14 a factor of 11613?
False
Is 186 a multiple of 43?
False
Is 5797 a multiple of 15?
False
Is 6 a factor of 959?
False
Does 4 divide 140?
True